 27, 3*y = 9. What is the tens digit of n?
1
Suppose -63*d + 362303 = 114209. What is the tens digit of d?
3
Suppose -2*w = 6*v - 4*v - 262, -v = -4*w - 126. What is the units digit of v?
0
Let y be 0*(-1)/(-2)*-2. Suppose 100 = 5*g - y*g. What is the tens digit of g?
2
Let x be (-1 + -2)/(3/15). Let s = 18 + x. Let o = s - -4. What is the units digit of o?
7
Let l(x) = -14*x - 1. Let i be l(1). Suppose 0 = 4*q + 4*q. What is the units digit of (i + q)*21/(-35)?
9
What is the units digit of 1047 - (-4)/28*0?
7
Let g(i) = -2 + 21*i**3 + 3*i - 17*i**2 + 6*i**2 + 9*i**2. Let t(d) = d**3 - 3*d**2 - 4*d + 1. Let b be t(4). What is the tens digit of g(b)?
2
Suppose 3*t - 6 - 2 = 2*i, 5*i = -4*t - 20. Let f be (-1)/(563/(-141) - i). Let b = -94 - f. What is the units digit of b?
7
Let j be (-9 - 3 - -3)*(1 - 0). Let c(i) = -12*i - 3. What is the hundreds digit of c(j)?
1
What is the units digit of ((15 - 9) + -16)*9/(-6)?
5
Let f(v) = -v**3 + 4*v**2 - 3*v + 6. Let y be f(4). Suppose 4*a + 5*h - 4 = -0, -4*a = -2*h - 4. What is the units digit of (y - -21)/(2 - a)?
5
Let j(s) = -s**3 + 10*s**2 + 14*s - 8. Let a be j(10). Suppose 4*m = 5*l - a - 145, 0 = -2*m - 6. What is the tens digit of l?
5
Let c = 21 - -464. Suppose -c = -5*p - 2*m, 5*m = -3*p + 96 + 214. What is the units digit of p?
5
Let z(g) be the second derivative of -g**4/12 - 3*g**3/2 + 2*g**2 + 11*g. What is the units digit of z(-5)?
4
Let q(p) = 131*p - 335. What is the hundreds digit of q(6)?
4
Let p be (-3)/((-6)/64) + -2. Let c be (-6)/4*40/p. What is the tens digit of 2/3*(-123)/c?
4
Suppose 5*n + 4*d - 12341 = 705, 5*d = -2*n + 5215. What is the tens digit of n?
1
Suppose -2*j = -5*a + 164, -94 = -3*a + 2*j - 3*j. Suppose 5*t - 3*t + a = 0. Let f = t - -17. What is the units digit of f?
1
Let w(j) = -16*j**3 + j**2 - 1. Let d(s) = -s**3 - s**2 + s - 1. Let u(l) = d(l) + w(l). Let a be u(2). What is the tens digit of 2/(-4)*a/4?
1
Let z(g) be the second derivative of -g**5/20 - 7*g**4/12 - 7*g**3/6 + 5*g**2 - 3*g. What is the tens digit of z(-7)?
5
Suppose -685 - 315 = -5*t. Suppose 12*g - 7*g - t = 0. Suppose d = -3*d + g. What is the tens digit of d?
1
Suppose 2683 = -29*d + 30*d + 4*q, 2674 = d - 5*q. What is the hundreds digit of d?
6
Let i be (-2)/(-5) + (-735)/25. What is the units digit of i*(-15)/(-2)*4/(-5)?
4
What is the units digit of (-160)/3*258/(-8)?
0
Let p = 1736 + 2359. What is the units digit of p?
5
Let n be (3 + -2)*56/(-8). Let z(p) = -p**3 - 5*p**2 + 10*p + 4. What is the units digit of z(n)?
2
What is the units digit of (-160)/(-120)*3/2?
2
Suppose 0 = 2059*p - 2064*p + 12220. What is the hundreds digit of p?
4
Suppose -9840 = -2*l - i, 0*l - 2*i = 2*l - 9842. What is the units digit of l?
9
Let y(c) = 5*c**2 + 211*c + 10. What is the units digit of y(7)?
2
Let s be (-4 - -11) + 0 + -4. Suppose 3*v - s*q = 6, -2*v - 4*q - 17 = 3*v. What is the units digit of (-12)/(34/(-28) - v)?
6
Let v = 13 - 12. Suppose -z = -v + 22. Let l = z + 45. What is the tens digit of l?
2
Suppose 0 = 2*r + 4. Let s(a) = 16*a**2 + 3*a + 2. What is the tens digit of s(r)?
6
Suppose 3 = -5*m + 4*m. Let o be (-1)/(-1) + 416/(-16). Let n = m - o. What is the tens digit of n?
2
Let l(j) = -j**2 + 86*j + 102. What is the units digit of l(41)?
7
Let y = -18 - -22. Suppose 0 = 6*u - y*u - 30. What is the tens digit of u?
1
Suppose -2*b - 2*d + 4 = 0, -3 = b - 3*b - 3*d. Suppose -5*m + b*m + 359 = -5*c, -3*m = 5*c - 501. What is the units digit of m?
2
What is the thousands digit of (-3938)/((-9)/(72/16))?
1
Let x be 1 + 2 - 3 - -10. Suppose 13*i = x*i + 12. Suppose o - 15 = -i*m + 77, -2*m = -3*o - 60. What is the tens digit of m?
2
Suppose 1118 - 388 = 5*b. Suppose -12*w - b = -14*w. What is the units digit of w?
3
Suppose r = 4*r - 60. Let t = 69 - r. What is the tens digit of t?
4
Suppose -186 - 499 = -5*y. Suppose -l + 0*a + 134 = 5*a, 4*a = -l + y. What is the units digit of l?
9
Let p = 1205 - -1118. What is the thousands digit of p?
2
Let v(o) = -11*o**3 + o**2 - 2*o - 6. Let x be v(-2). Let l = 62 + x. What is the hundreds digit of l?
1
Let z = -216 + 369. Let l = -102 + z. What is the tens digit of l?
5
Let n(d) = 1386*d - 62. What is the tens digit of n(1)?
2
Let w = 649 + 23. What is the hundreds digit of w?
6
Let x = -4 + -40. What is the tens digit of (-14)/((24/x)/3)?
7
Let l be 22*(1 + 3/(-2)). Let y = l + 34. Suppose n - y = -5*m + 8, -4*n - 4*m + 76 = 0. What is the units digit of n?
6
What is the tens digit of 18/(-8)*(-114872)/249?
3
Suppose 11 = 2*k - 1. Let j(g) = g**3 - 5*g**2 - g - 5. Let x be j(k). Let m = 2 + x. What is the units digit of m?
7
Let s = 50 + -51. What is the tens digit of s*(-26 + (-2 - -2)) - 0?
2
Let d(x) = 11*x**2 + 4*x - 3. Let p be d(1). Suppose -3*l + 4*i = -533, -p = 4*i + 8. What is the tens digit of l?
7
Let b = 1603 - 1051. What is the units digit of b?
2
Suppose 373 = 6*m - 107. Suppose -y + 6*y - 4*r = 186, 2*y - 3*r = m. What is the units digit of y?
4
Suppose 5*o + 16 = -4*g, -2*g - 1 = -4*o + 7. Suppose 28 = w + l - 2*l, 4*w - 2*l - 120 = o. What is the units digit of w?
2
Suppose -5*l = 74 - 14. What is the units digit of 3/(-2)*664/l?
3
Let n = 335 + 223. What is the tens digit of n?
5
Suppose 81 = -i + 20. Let p = 33 + i. What is the tens digit of (-792)/p + (-4)/14?
2
Suppose 0 = -8*h + 3168 + 3424. What is the tens digit of h?
2
Let s(n) = -21*n + 1. Let d be s(-3). Let m = d - 14. Suppose 2*i - 7*i = -m. What is the tens digit of i?
1
What is the units digit of 104/(-364) + (-6246)/(-7)?
2
Suppose -57 = -4*p + 3*t + 270, 0 = -4*p + t + 333. Let b = 119 - p. Suppose -c + 0*c + 2*k + 25 = 0, -c + b = 3*k. What is the units digit of c?
9
Let a be (-4 - -16)*(-14)/(-8). Let s = a - -6. Suppose -y + c - 1 = -s, -y + 16 = 4*c. What is the tens digit of y?
2
Let p = 48 - -155. What is the units digit of p?
3
Let q = 1981 - 508. What is the units digit of q?
3
Let r(o) = -5*o + 6. Let v be r(6). Let j = v - 11. Let t = -14 - j. What is the units digit of t?
1
What is the thousands digit of (60/(-48))/(1/(-812)) + -5?
1
Let w(k) = k - 1. Let z(t) = 62*t - 11. Let j(o) = -125*o + 21. Let r(y) = 3*j(y) + 5*z(y). Let u(v) = r(v) + 6*w(v). What is the units digit of u(-1)?
1
Let c(r) = r**3 - 5*r**2 + 21*r - 20. What is the units digit of c(8)?
0
Let m = -131 + 279. Suppose -5*o - 5*z = m + 242, -5*o + 2*z = 390. Let r = -43 - o. What is the units digit of r?
5
Suppose -4*b + 24 = 2*b. What is the tens digit of (-18)/b*(-4 - -5)*-6?
2
Let s(h) = 5*h - 8. Let v be s(3). Let r(p) = -24 + 4*p - v*p - 13*p - p**2. What is the units digit of r(-12)?
4
Suppose 476 = -3*l + 1538. What is the tens digit of l?
5
Let x(k) = -k**3 + k**2 - k + 6. Let y be x(0). Suppose 3*v - y = 0, -5*p - v = 3*v - 38. Suppose p*l = 10*l - 128. What is the tens digit of l?
3
Let a(w) = w**3 + 7*w**2 - 21*w - 12. Let t be a(-9). Suppose 0 = 18*b - t*b - 498. What is the hundreds digit of b?
1
Let w be ((0/(-4))/(-2))/1. Let b(k) = k**2 + 2*k + 35. What is the units digit of b(w)?
5
Let j = -921 - -1940. What is the thousands digit of j?
1
Let x be (1 - (3 - 5)) + 2. Suppose -x*b = -n + 22, -3*n + 66 = -0*b - 5*b. Let u = n + 1. What is the units digit of u?
3
Let u be (-24)/10*70/21. Let w(x) = -6*x - 25. What is the tens digit of w(u)?
2
Let x = -9 - -8. Let o(q) = -28*q**3 + q. Let t be o(x). Let b = 44 - t. What is the tens digit of b?
1
Let f(n) = -n**3 + 16*n**2 + n + 15. Let w be f(17). Let y = 8 - w. What is the units digit of y?
5
Let t = 802 - 618. What is the tens digit of t?
8
Let t(s) = -13 + 3 - 607*s + 572*s. What is the units digit of t(-2)?
0
Let p be (35 - -4)*(-2)/(-6). Suppose -2*o = t + 4 + 9, -t + 2*o - p = 0. Let v = -10 - t. What is the units digit of v?
3
Let h(b) = 2*b**2 + b - 2. Let v be (-1)/((3 + 1)/(-4)). Let x be h(v). What is the tens digit of -1 + x - (-1 - 34)?
3
Suppose 2*t + 2*f - 325 = -3*f, t - 5*f - 155 = 0. What is the hundreds digit of t?
1
Let r(l) = -7*l + 4. Let a(y) = -7*y + 5. Let g(h) = -3*a(h) + 4*r(h). Let f(j) = -j**3 - 28*j**2 - 25*j + 51. Let w be f(-27). What is the units digit of g(w)?
2
Let j = 3716 - 1122. What is the hundreds digit of j?
5
Let m(s) = s - 3. Let l be m(6). Suppose -l*g + 8 = 2. What is the units d